(0 - 0 - 1)?
-13
What is 7 + -5 + (-2 - 7)?
-7
(-23 - -15) + 0 + 12
4
What is the value of 1 + 7 + (-141 - -124)?
-9
What is the value of 33 + (-56 - -21) - (-18 - -1)?
15
What is the value of (0 - 4) + (8 - 18 - (10 - 11))?
-13
What is the value of 14 - (27 + -16 + 21)?
-18
Evaluate -10 + (1 - (6 - -1) - -4).
-12
Calculate 3 + (20 - 37) - 14.
-28
What is 853 - 843 - (0 + 35)?
-25
7 + -2 - (102 + -107 + (1 - 0))
9
Evaluate (-3 - 4 - (6 - 8 - 0)) + -12.
-17
What is 65 + -52 - (30 - -1) - -6?
-12
What is -2 - -6 - (16 - 4 - 2)?
-6
Evaluate (4 - -1) + (-5 - (-11 + 16)).
-5
What is the value of -31 + 22 + 47 - 19?
19
22 + 0 + -102 + 72
-8
Evaluate 0 + -5 + -9 + 5 + -6 + 3.
-12
-25 + -32 - (-18 - (1 - 0))
-38
What is the value of -6 - (-30 + (-28 - -28))?
24
Evaluate -16 + (-12 - -21) + 14.
7
What is (-1 + 3 - 0) + (-19 - -30) + -2?
11
Evaluate (-17 - (-5 - 27)) + -10.
5
(1 - (-1 + 0)) + (10 - 6) - 1
5
What is -4 + (10 - (22 + -6 + -2 + 1))?
-9
Evaluate (-30 - -26) + (5 + -1 - (5 + 1)).
-6
Calculate 1 + 3 + (7 - (-8 - -5)).
14
What is the value of 7 + -4 + -6 - -10?
7
What is -4 + (-1 - (-5 + 12 - 0)) - -2?
-10
63 + -65 - ((1 - 1 - 1) + 1)
-2
-7 + -1 - (1380 + -1409)
21
What is -11 - (-8 + -14 - -12) - (10 - 3)?
-8
83 + -90 - (-6 + -3)
2
What is the value of -4 - (17 + -23 + (-2 + 1 - -2))?
1
Calculate (28 - -6) + -89 + 62.
7
What is the value of (-139 - -132) + -1 + 23 - 26?
-11
Evaluate 15 + -8 + 10 + -12 - -14 - 8.
11
What is (32 + -1 - (35 + -25 + 2)) + -3?
16
(-839 - -839) + 26 + 0
26
Evaluate 3 + 6 + -6 + (-6 - -14) - 13.
-2
Evaluate -3 - (36 + (-55 - 9)).
25
Calculate -16 + 16 + -13 + 19.
6
Calculate (-7 - -16 - (-6 + -8)) + (1 - 6).
18
Calculate (2 - (0 + 0)) + (-2 - -12) + -3.
9
(1 - -2) + -7 - -10 - 8
-2
What is the value of -3 + (31 - (-9 - -20) - (0 - -3))?
14
Calculate -2 - (7 + (4 - 4)).
-9
Evaluate 1 + 6 + 1 + -3 + (-5 - -3).
3
Calculate (3 - 7) + (-4 - (3 - 0)).
-11
What is the value of -4 + 6 - -3 - (13 + -19)?
11
What is the value of (-4 - (6 + -3 + (0 - -1))) + -4?
-12
(-1 + -6 - 0) + -1 + 3
-5
Calculate 10 + -2 + -17 + -21 - -13.
-17
What is the value of (3 - ((-8 - 1) + 21)) + 23?
14
6 - -9 - (12 + (-2 - -17))
-12
What is (2 - (1 - -18)) + -112 + 117?
-12
What is (0 - -14 - (17 + -13)) + (107 - 81)?
36
Evaluate -15 + -6 - -1 - -20.
0
Evaluate -20 - (3 - 4 - (7 - (1 - -6))).
-19
What is -3 + (2 - -1) + 1 - (13 + -6)?
-6
1 - (-5 + 4 + (-5 - 0)) - -5
12
What is the value of 279 + -272 + ((8 - 4) + -8 - 2)?
1
Calculate (17 - (0 - -6)) + -15.
-4
What is -14 - (-20 + -17 + -2)?
25
What is the value of (3 - (-1 - -3)) + 22 + -30 + 17?
10
Calculate 0 - 8 - (-30 + 13 + 16).
-7
What is the value of (25 + -13 - 20) + -8?
-16
0 + (-20 - -21) - (2 - 14)
13
What is the value of 19 + (25 - 51) - -31?
24
What is the value of (-4 - -3) + (-14 - -2) + 10?
-3
What is -184 - -189 - (24 + 1)?
-20
What is 2 + 9 - (7 + -20 - -11)?
13
20 + -35 - ((-36 - -42) + 0 + -7)
-14
What is -3 + 8 - ((3 - 5) + -7)?
14
Calculate -512 + 510 - (2 + -2 - -19).
-21
What is 0 - 4 - (35 + -49)?
10
(-3 - (3 + 2)) + -5 + 16 + -20
-17
Calculate 1 + (1 - (-9 + 13)) - (1 + -3).
0
Evaluate -1 - -1 - (261 - 250).
-11
What is 29 - 28 - (-4 + (-1 - 1))?
7
Evaluate (-25 - (16 - 33)) + (-1 - -9).
0
What is -22 - (-3 + -19) - (-1 - (3 + -3))?
1
What is the value of -10 + 22 + 0 + -10?
2
Evaluate -3 + -1 + (0 - (5 - 17)).
8
Evaluate -2 + (-5 - 21) - (22 - 13) - -3.
-34
Calculate (37 - 33) + (2 - 8).
-2
Evaluate (-11 + 22 - 19) + 14 + -17 + 0.
-11
What is the value of -1 + -1 - -6 - (15 + -25 + 4)?
10
Evaluate -13 + -1 + (67 + -7 - 74).
-28
0 + -1 - (-2 + -6 + 10 + -5)
2
-2 - ((1 - -9) + -6 + -7)
1
Evaluate (-8 - -2) + (-25 + 13 - -24).
6
1 + 27 - (-1074 - -1090)
12
What is the value of 25 - (7 + -8 + 8 + -3 + -4)?
25
Calculate 9 + (-4 - (-2 - -1)) + (-58 - -55).
3
Evaluate 24 - (-4 + (9 - -13)).
6
What is 58 - 46 - (-8 + 41)?
-21
Evaluate 3 + (24 - 6 - -13) + -13.
21
Calculate (-3 - -11) + (8 - (1 - -20) - -5).
0
What is the value of 5 - (3 - -6 - -11) - 11?
-26
Evaluate -7 - (2 + -21 - (2 + -1 - 0)).
13
What is the value of (-71 - 35) + 41 - -42?
-23
What is the value of (-14 - -9) + 2 - (7 + -1 + 4)?
-13
Evaluate (-163 - -156 - (-1 - 1 - -7)) + 6.
-6
Evaluate -61 + 27 - (5 - 3).
-36
-14 + (-11 - (-32 + 0))
7
1 - (-5 + (-1 - 1)) - (32 - 3)
-21
What is the value of -1 - 1 - -11 - (506 - 518)?
21
Evaluate (-3 - (5 - 4)) + (-25 - -18).
-11
32 - 22 - (21 + -16)
5
What is 8 - (3 - 4) - 7?
2
Calculate -17 - (-15 + (-11 - -22) - 3).
-10
10 + (7 - ((-2 - -2) + 15)) - 32
-30
Evaluate -8 + 6 + -9 - (-10 + 3) - 4.
-8
Evaluate (1 - 7) + 0 - (-234 - -238).
-10
Evaluate 14 + 6 + -3 + 3 + -12.
8
What is the value of -210 + 199 - (-31 + 0)?
20
Calculate (-6 - 3) + (0 - -3).
-6
What is the value of -20 + 39 + 9 + -19?
9
What is -9 + (1 - -34 - (-3 - -43 - 52))?
38
Calculate 7 - -7 - (-3 - -10 - 1) - 14.
-6
Calculate (-10 + -6 - (20 - 23)) + -2.
-15
What is -11 + 8 + -21 + 11 + 3?
-10
What is the value of 1603 + -1583 + (1 - 2)?
19
What is 3 + 8 + -5 + (8 - 2)?
12
-4 - (-7 + 2 + 13 + 1 + -13)
0
Evaluate (-7 - 0) + (0 - 10 - (65 + -83)).
1
Evaluate (0 - (0 + 6 - 1)) + 11.
6
What is 4 + -9 + 18 - 11?
2
9 + (-5 - -16 - (0 + 4))
16
What is the value of (173 - 187) + 11 + 0?
-3
(-2 - 3) + (4 + -1 - 8 - -2)
-8
(-10 - (-8 - -11 - 5)) + -4 - 2
-14
Calculate 0 + (4 - -2 - (-2 - -8)) - -9.
9
What is the value of -22 - (12 + (-50 - -24))?
-8
Calculate -19 + 38 + 0 + -26.
-7
(0 - (27 + -14)) + 9
-4
What is the value of (-1 - -23) + (-6 - (4 + -1))?
13
Calculate (3 - 5 - 5) + -9 + 4.
-12
(-6 - 30) + 30 - (0 - -2)
-8
Evaluate -129 + 113 - (-25 + 1) - 6.
2
Calculate 47 + -23 - (35 - 42).
31
Evaluate (-26 + (-11 - -22) - 4) + 8.
-11
What is (17 - 6 - 4) + (0 - 3)?
4
Calculate -25 - (27 - 3 - 40).
-9
What is the value of -26 - (10 - (39 + -25))?
-22
What is 14 - (-16 + (-11 - (-11 + -9)))?
21
Evaluate 4 + 1 + -8 + 24 + -15.
6
Calculate -16 - (2 - 10 - -1).
-9
What is the value of 43 + (5 - (-16 + 40)) + 3?
27
Evaluate 4 + 1 + 0 - (-13 - (10 - 18)).
10
-11 + (0 + 20 - (-5 - -14))
0
What is the value of (35 + -41 - -19) + 1 + 0?
14
Calculate -18 - (4 + -17 - 0).
-5
What is the value of (16 - 2) + -3 - 13?
-2
What is -23 + (-7 - -20) - -19?
9
1 + -2 + -18 + 43 + -51 + 15
-12
What is the value of -4 + (-5 - ((1 - -3) + (6 - -2)))?
-21
Evaluate (43 - 48) + (-1 - 2) + -1.
-9
What is 0 + -5 + (0 - ((-10 - -3) + 16))?
-14
Evaluate (13 - 7) + 4 + 2 + -13.
-1
Evaluate 1 + -1 + (-4 - 0) + 1.
-3
12 + (106 + -103 - (0 + 15))
0
Evaluate 1 + -1 + (-16 - 2 - -11) - -12.
5
Evaluate 4 - (-16 - 0 - (-201 - -201)).
20
Evaluate -13 + -3 + (1 + 2 - (13 + -12)).
-14
What is 41 + -9 - (-10 - -12)?
30
-25 - ((-9 - -24) + -31)
-9
Calculate 321 + -328 - (0 - -1 - 17).
9
Evaluate 146 - 176 - (-2 + 4 + -19).
-13
Calculate 7 - (-9 + 21 - 0).
-5
Calculate -12 + 2 + 11 + -14.
-13
What is -4 - (-2 + -1 + 7 - 3)?
-5
What is the value of (3 - (1 + -5 + 8)) + -25 + 6?
-20
What is the value of 9 + 2 - (26 - (0 + 4))?
-11
67 + -59 + (-3 - (0 + 3 - 10))
12
0 + (2 - 5) + 33 + -40
-10
What is -5 - (-2 + (-9 + 5 - 1))?
2
What is the value of -6 + (-4 - 13) - -35?
12
-5 + (-21 + 23 - -3)
0
What is the value of (0 + 2 - (-6 - (-3 - 1))) + -2?
2
What is 14 + (12 - 11 - -13)?
28
What is the value of -3 + 3 - (4 + -26 - -15)?
7
What is -1 + (-7 - 4) + 20?
8
Calculate -47 + 78 + -15 + (1 - 39).
-22
What is the value of (-3 - (4 + 0)) + (36 - 29)?
0
What is the value of -13 + (6 - -16) + -5?
4
Evaluate 8 + (-6 - 6) + -7.
-11
8 + 16 + -19 - 2
3
What is the value of -140 + 133 + -6 + 1?
-12
Calculate 2 + -9 - (-13 - -10).
-4
What is the value of -40 - (-40 - 7) - (-1 + -8)?
16
What is the value of -17 + 3 + 20 + 1 + 3 - 7?
3
Evaluate 15 + -5 + -5 - (0 + 4 + -1).
2
Calculate 9 - (-1 - -1) - ((-3 - -1) + -1).
12
What is -7 + 2 - -2 - (15 - 25)?
7
13 + -18 + 5 + -1 + 0 + 4
3
Evaluate (-6 - -4) + (11 - 6) + (24 - 20).
7
What is the value of 0 + -1 - (14 + -12 + -29 + 2)?
24
Evaluate 24 - (26 + 28 + -8).
-22
-12 + (0 + 7 - (-26 - -38))
-17
What is the value of (-14 - -32) + 11 - 28?
1
Calculate -3 + 5 + (5 - 1) + -4 + 9.
11
Calculate -15 + (-4 - (-1 + 8)) + 11.
-15
What is the value of -2 - -8 - (547 + -549)?
8
What is 0 + -8 + (-2 + -19 - -39)?
10
Evaluate 9 + -18